r?
False
Let o be (-5)/(-3) + (-2)/(-6). Suppose m + o*m = 0, 2*k + 4*m + 1072 = 0. Let n = -219 - k. Is n a prime number?
True
Is (122514/(-30))/((-7)/35) prime?
False
Suppose 9*m + 13816 + 440 = 0. Let o = 2785 + m. Is o composite?
False
Let i = -38 + 42. Let u be 2 + i + (0 - 2). Suppose u*j - 176 = 3*a - 1075, -j - 5 = 0. Is a prime?
True
Suppose 0*d + d = 0. Suppose 5*s + 40 = 2*r, 0 = -3*r - d*r + 2*s + 38. Let n = r + 21. Is n composite?
False
Let c be ((-1)/(-3))/(5/35070). Let s = c + 33. Is s a composite number?
False
Let n = 7 - 7. Suppose -2*j = 3*j - 3*d - 355, n = 4*d. Is j prime?
True
Let a(l) = 475*l**3 + 7*l**2 - 27*l - 13. Is a(3) prime?
False
Suppose -6*y = -y + 4*d + 86, -21 = y - 3*d. Let t = -489 - -870. Is (y/27)/((-2)/t) composite?
False
Let b(t) be the third derivative of 529*t**4/24 - 15*t**3/2 - 35*t**2. Is b(8) a composite number?
True
Let t(y) = -25*y + 19. Let x be t(1). Let o(c) = -4151*c + 37. Is o(x) prime?
True
Let q be (-2 + -2060)*85/10. Is -1*(q - -6)/7 prime?
True
Suppose -1722*x + 1694*x = -3920308. Is x composite?
True
Let n = -83686 - -163481. Is n a prime number?
False
Let u(d) = 176*d - 18. Let c be u(10). Suppose -2461 = 3*s + c. Let r = 2254 + s. Is r prime?
True
Let b(s) = -16293*s**2 + 21*s - 25. Let y(w) = w. Let m(l) = -b(l) - 4*y(l). Is m(1) composite?
True
Is (-4 + 1 - (-2)/2)*1751065/(-10) a composite number?
False
Suppose -5*g = -5*u + 23490, 0 = u - 2*g - 5345 + 652. Let h = 12786 - 4254. Suppose 0 = -5*r + u + h. Is r prime?
True
Let g(z) = 22*z**2 - 1280*z + 359. Is g(139) prime?
True
Suppose -6*o - 28 + 46 = 0. Suppose -4*b - 4310 = -5*i, -3*i + 2586 = -6*b + o*b. Is i composite?
True
Suppose 858998 = 2*k - 2*b, -13*b - 858950 = -2*k - 17*b. Is k a prime number?
False
Let u(q) = 14*q**2 - q - 8. Let o(c) = c**3 + 6*c**2 + 3*c - 5. Let k be o(-4). Let v be 9/k - (-66)/(-10). Is u(v) prime?
False
Suppose -4*s + 132 = -20. Let m = s + -33. Suppose m*x - 6835 = -0*x. Is x a prime number?
True
Suppose 0 = -11*l - 1 + 23. Suppose 0 = l*g - 4*x - 51118, 2*g - 59315 + 8191 = 2*x. Is g composite?
True
Suppose -23944 = -24*o + 75*o - 833263. Is o prime?
False
Let q(x) = -6172*x**3 + 18*x**2 + 80*x + 129. Is q(-5) a prime number?
True
Let v(i) = 2*i**3 + 12*i**2 - 25*i + 208. Is v(19) prime?
True
Suppose 71*m - 19855700 = -10160727 + 15243422. Is m a prime number?
False
Suppose -101*p = -61*p - 3358280. Is p a composite number?
True
Suppose 4*o = 2*o + 2*k + 559520, 4*o = 10*k + 1119094. Is o composite?
False
Suppose 0 = 6*w - w + l - 95188, 57114 = 3*w + l. Let h = 10592 + w. Is h a composite number?
False
Suppose -15*p + 18*p + 10224 = 0. Let n = p - -5258. Suppose n = 5*b - 2925. Is b a prime number?
False
Let v be -1044*((-4)/12)/((-4)/(-15)). Let p(o) = o - 719. Let m be p(0). Let y = v + m. Is y a prime number?
False
Let q be 14/(-6) + 413590/30. Let n = q + 5325. Is n a composite number?
True
Suppose 4424 = h - 5*a - 1845, 3*a - 12486 = -2*h. Suppose -2*p - 5*c + 8027 = -2*c, 0 = 4*p + 2*c - 16050. Let r = h - p. Is r composite?
False
Suppose 10 = -5*u, -4*r - 3 = -3*r + 4*u. Suppose 3*a - x - 1889 = -5*x, r*a - 2*x - 3183 = 0. Is a a prime number?
False
Suppose -4087*x - 47877 = -4090*x. Is x composite?
False
Let i(b) = 2*b - 6 - 5 + 2*b**3 + 13*b - 3*b**2 - 4*b. Suppose 5*x + 18 = 3, 4*y - 2*x - 30 = 0. Is i(y) a prime number?
True
Let z(i) be the third derivative of 7*i**4/6 - 11*i**3/6 + 4*i**2. Let n be z(14). Let o = n + -164. Is o composite?
True
Let u = 129448 + -70881. Is u prime?
True
Let o be (-20874)/(-22) - (-698)/3839. Suppose -5*k = -k - 5324. Let y = k - o. Is y a composite number?
True
Is 5/((-15)/(-24))*(21 + (-41645555)/(-280)) a prime number?
True
Suppose 3*o = -2*o + 16*o - 22. Let n(q) = -81*q**3 - 2. Let j be n(-2). Suppose -666 = -2*u + 2*m, 6*m = -o*u + 3*m + j. Is u a composite number?
True
Suppose 150479 = 8*l - 300601. Suppose 3*f - 33*p - 33851 = -31*p, -5*f - 5*p = -l. Is f prime?
False
Suppose 95 = -8*x + 13*x. Let d(p) = 2*p**3 - p**3 + 19*p**2 - 6*p**2 - x*p + 7. Is d(-12) a prime number?
True
Suppose -23*k = -10*k - 1183. Suppose -78*s = -k*s + 92573. Is s prime?
True
Let f(m) = m**3 + 6*m**2 - 10*m - 10. Let n be f(-7). Suppose -2*y - 23049 = -n*y. Is y a composite number?
True
Suppose -30780*j + 30791*j - 5335429 = 0. Is j a prime number?
False
Let t(f) = 47*f + 215. Let z be t(-12). Let h(i) = -7*i**3 - 6*i**2 - i + 2. Let q be h(-5). Let s = z + q. Is s a composite number?
False
Suppose -14*d + 27*d = -52. Let w(h) = 274*h**2 + 60*h + 229. Is w(d) a prime number?
True
Suppose 2*c - 954 - 1200 = -5*m, 1091 = c - m. Suppose 16*y - 17*y = -c. Is y prime?
True
Let d = -270139 - -447876. Is d a composite number?
True
Let c(z) = -z**2 - 2*z. Let q be c(-2). Let b = q - -13. Suppose -1623 = b*f - 16*f. Is f composite?
False
Suppose -8 = -0*i - 2*i + r, 0 = -3*r - 6. Suppose 2*j - i*n = -2*n + 526, -787 = -3*j + 2*n. Is j a prime number?
False
Suppose 340*p + 19746559 = 389*p. Is p prime?
True
Suppose -23*l = -30 - 545. Let a(f) = 28*f**2 - 67*f + 44. Is a(l) prime?
False
Let a = 153 + 291. Suppose 0 = 5*x + 4*r - a, -x - 2*r + 42 = -48. Let q = 499 + x. Is q prime?
True
Is -2 + (-94400)/(-5) - (-6 - 21/(-7)) a composite number?
True
Let a = -33 + 31. Let w = a - -6. Suppose w*k + 3*k = 2933. Is k a composite number?
False
Let m be (2 - -1)*-2 - -1. Let o be (2 + -1)/(1/(m - -6)). Is (9 + -760)/(0 + o + -2) composite?
False
Is (31628226/(-392))/(3/(-4)) a composite number?
True
Suppose -8*q - 56 = -0*q. Let n be 2 + (-75)/35 - 1/q. Suppose n = -2*j + 874 - 128. Is j a prime number?
True
Let a = -7 - -23. Suppose 4*n = 3*p - 2*p + 21, 4*p = -4*n + a. Is (7/28)/(p/(-172)) composite?
False
Is (464802807/(-1218))/(6/4 - 2) prime?
True
Let k(d) be the third derivative of 5317*d**6/120 + 5*d**4/24 - 5*d**3/6 - 40*d**2 - 3*d. Is k(1) a prime number?
False
Is (12458/(-12))/(8/(-48)) prime?
True
Let r(c) = -c**2 - 9*c - 3. Suppose s = t + 3*s + 6, -4*t - 24 = 3*s. Let w be r(t). Suppose w*m = 21*m - 2442. Is m composite?
True
Suppose -b + 59 = 3*i - 2*b, i - 3 = -3*b. Suppose 0*w = -9*w + i. Suppose -3*x + 111 = k + x, 5*x - 237 = -w*k. Is k composite?
False
Let c(s) = s + 2. Let d be c(4). Let r(f) = 5 + 203*f + 1 + 7*f - 5. Is r(d) prime?
False
Suppose -74855510 = -83*h - 42*h + 9573615. Is h prime?
False
Let h = -45 - -52. Let c be (-11792)/h + 3 + (-20)/(-35). Let f = -944 - c. Is f a prime number?
False
Let y = 540962 - -216153. Is y a composite number?
True
Suppose 4*s - 1381 = 14783. Suppose -4*b + m + 4875 = 0, 4*b - s = -m + 836. Is b a prime number?
False
Let m = -290 - -294. Suppose -z - 133 = -m*y, 3*z = -5*y + 175 - 13. Is y a composite number?
True
Let i = -324 + 326. Suppose -15*z - i*z = -14807. Is z a composite number?
True
Is 1*518343/5 - (14/(-10) - -1) prime?
True
Suppose 191*g = 121*g + 1500730. Is g prime?
False
Suppose 486473 = 25*a + 37*a - 39*a. Is a composite?
True
Is (-17 + 15)*5/((-50)/442315)*1 prime?
True
Is (((-9307535)/(-30))/(-37))/((-2)/24*1) a composite number?
True
Suppose 0 = 91*h - 653835 + 304497 - 950233. Is h prime?
True
Let k = 536516 - 381351. Is k a prime number?
False
Let i be (-60)/9*(195291/(-6))/9. Suppose -5*r + i - 7755 = 0. Is r composite?
False
Let n(a) = 17*a**2 - a + 38. Let z(g) = -6*g**2 - 13. Let s(w) = -4*n(w) - 11*z(w). Let b be s(5). Let o = b - -65. Is o a prime number?
False
Suppose 2*t = i + 8, -12 = 4*t - 7*t. Suppose 5*q + i*f = -4*f + 35397, 2*f = 4*q - 28328. Is q a composite number?
True
Let q be (3150/(-39))/5 - (-16)/104. Let j(k) = -21*k + 35. Is j(q) a composite number?
True
Let l(u) = 1491*u**2 + 50*u + 480. Is l(-13) composite?
False
Let a(x) = 2*x**3 + 2*x**2 - 2*x - 9. Let z be a(-3). Is (-4 + (-21437)/z)*(4 + -1) composite?
False
Let u(k) = -2*k**3 + 3*k**2 - 29*k + 3. Let f(d) = -d**3 + d**2 - 15*d + 2. Let q(t) = -5*f(t) + 2*u(t). Is q(9) composite?
True
Suppose 4*r + 2*y + 37 = -y, 2*r + 4*y = -26. Let s(i) = -6*i - 40. Let x be s(r). Suppose x*t = -0*t + 1486. Is t prime?
True
Let l = -216 - -220. Suppose 2*i - 574 = 4*t, l*i - 1730 = -t - 546. Is i a composite number?
True
Let b(v) = 21*v + 26. Suppose 0 = -6*a + 4*a. Suppose -p + 4*k + 21 = a, p + 2*k - 14 + 5 = 0. Is b(p) prime?
Fals